 prime factors of 6639?
3, 2213
What are the prime factors of 52236?
2, 3, 1451
What are the prime factors of 9450?
2, 3, 5, 7
List the prime factors of 995.
5, 199
What are the prime factors of 309?
3, 103
What are the prime factors of 1710?
2, 3, 5, 19
List the prime factors of 17975.
5, 719
What are the prime factors of 2020?
2, 5, 101
What are the prime factors of 6867?
3, 7, 109
What are the prime factors of 125378?
2, 11, 41, 139
List the prime factors of 15761.
15761
What are the prime factors of 1789?
1789
List the prime factors of 7529.
7529
List the prime factors of 70919.
70919
What are the prime factors of 7707?
3, 7, 367
List the prime factors of 5251.
59, 89
List the prime factors of 5393.
5393
List the prime factors of 1878.
2, 3, 313
List the prime factors of 3590.
2, 5, 359
List the prime factors of 2242.
2, 19, 59
What are the prime factors of 4474?
2, 2237
What are the prime factors of 6630?
2, 3, 5, 13, 17
What are the prime factors of 377?
13, 29
What are the prime factors of 92367?
3, 11, 311
List the prime factors of 3072.
2, 3
What are the prime factors of 78430?
2, 5, 11, 23, 31
What are the prime factors of 16645?
5, 3329
What are the prime factors of 80010?
2, 3, 5, 7, 127
List the prime factors of 1299.
3, 433
List the prime factors of 18790.
2, 5, 1879
List the prime factors of 152.
2, 19
What are the prime factors of 4498?
2, 13, 173
What are the prime factors of 81851?
7, 11, 1063
What are the prime factors of 69337?
69337
List the prime factors of 111118.
2, 7, 7937
What are the prime factors of 58532?
2, 14633
List the prime factors of 5417.
5417
List the prime factors of 285.
3, 5, 19
What are the prime factors of 2013?
3, 11, 61
What are the prime factors of 8409?
3, 2803
List the prime factors of 26167.
137, 191
List the prime factors of 2100.
2, 3, 5, 7
List the prime factors of 7766.
2, 11, 353
What are the prime factors of 255?
3, 5, 17
What are the prime factors of 94?
2, 47
List the prime factors of 2379.
3, 13, 61
What are the prime factors of 3636?
2, 3, 101
What are the prime factors of 2724?
2, 3, 227
List the prime factors of 3418.
2, 1709
List the prime factors of 18425.
5, 11, 67
List the prime factors of 4189.
59, 71
What are the prime factors of 57658?
2, 127, 227
What are the prime factors of 494?
2, 13, 19
What are the prime factors of 12842?
2, 6421
List the prime factors of 12505.
5, 41, 61
What are the prime factors of 3987?
3, 443
List the prime factors of 22836.
2, 3, 11, 173
What are the prime factors of 136086?
2, 3, 37, 613
What are the prime factors of 66364?
2, 47, 353
What are the prime factors of 564?
2, 3, 47
What are the prime factors of 2916?
2, 3
What are the prime factors of 41989?
199, 211
List the prime factors of 10054.
2, 11, 457
List the prime factors of 1742.
2, 13, 67
What are the prime factors of 17661?
3, 7, 29
List the prime factors of 71.
71
What are the prime factors of 27185?
5, 5437
What are the prime factors of 3124?
2, 11, 71
What are the prime factors of 5040?
2, 3, 5, 7
List the prime factors of 892.
2, 223
What are the prime factors of 3070?
2, 5, 307
What are the prime factors of 16228?
2, 4057
What are the prime factors of 595?
5, 7, 17
What are the prime factors of 2487?
3, 829
List the prime factors of 37494.
2, 3, 2083
What are the prime factors of 3188?
2, 797
What are the prime factors of 93121?
7, 53, 251
List the prime factors of 49486.
2, 109, 227
What are the prime factors of 7528?
2, 941
List the prime factors of 13280.
2, 5, 83
What are the prime factors of 1002?
2, 3, 167
List the prime factors of 9324.
2, 3, 7, 37
What are the prime factors of 4576?
2, 11, 13
What are the prime factors of 3292?
2, 823
What are the prime factors of 1960?
2, 5, 7
What are the prime factors of 50380?
2, 5, 11, 229
What are the prime factors of 22533?
3, 7, 29, 37
List the prime factors of 1432.
2, 179
What are the prime factors of 15994?
2, 11, 727
What are the prime factors of 1474?
2, 11, 67
List the prime factors of 4572.
2, 3, 127
What are the prime factors of 17869?
107, 167
List the prime factors of 31837.
13, 31, 79
What are the prime factors of 13453?
11, 1223
List the prime factors of 447.
3, 149
What are the prime factors of 11225?
5, 449
What are the prime factors of 1119?
3, 373
List the prime factors of 8485.
5, 1697
What are the prime factors of 54868?
2, 11, 29, 43
What are the prime factors of 528?
2, 3, 11
List the prime factors of 22988.
2, 7, 821
What are the prime factors of 7131?
3, 2377
List the prime factors of 34.
2, 17
What are the prime factors of 3085?
5, 617
List the prime factors of 10188.
2, 3, 283
List the prime factors of 25698.
2, 3, 4283
What are the prime factors of 5517?
3, 613
List the prime factors of 13771.
47, 293
What are the prime factors of 11727?
3, 1303
What are the prime factors of 1039?
1039
What are the prime factors of 95762?
2, 47881
List the prime factors of 2219.
7, 317
What are the prime factors of 46570?
2, 5, 4657
List the prime factors of 3702.
2, 3, 617
What are the prime factors of 5409?
3, 601
What are the prime factors of 120373?
11, 31, 353
What are the prime factors of 3874?
2, 13, 149
What are the prime factors of 4200?
2, 3, 5, 7
What are the prime factors of 6777?
3, 251
What are the prime factors of 760?
2, 5, 19
What are the prime factors of 21024?
2, 3, 73
What are the prime factors of 400?
2, 5
What are the prime factors of 1652?
2, 7, 59
What are the prime factors of 4297?
4297
What are the prime factors of 12167?
23
List the prime factors of 85811.
11, 29, 269
List the prime factors of 1676.
2, 419
List the prime factors of 10647.
3, 7, 13
List the prime factors of 6636.
2, 3, 7, 79
List the prime factors of 13184.
2, 103
List the prime factors of 28946.
2, 41, 353
What are the prime factors of 12059?
31, 389
List the prime factors of 10108.
2, 7, 19
What are the prime factors of 8214?
2, 3, 37
What are the prime factors of 4597?
4597
What are the prime factors of 501?
3, 167
List the prime factors of 8797.
19, 463
What are the prime factors of 2948?
2, 11, 67
What are the prime factors of 1697?
1697
What are the prime factors of 25397?
109, 233
What are the prime factors of 4453?
61, 73
List the prime factors of 64728.
2, 3, 29, 31
List the prime factors of 1242.
2, 3, 23
What are the prime factors of 136173?
3, 19, 2389
List the prime factors of 1263.
3, 421
What are the prime factors of 2846?
2, 1423
What are the prime factors of 1210?
2, 5, 11
What are the prime factors of 32690?
2, 5, 7, 467
What are the prime factors of 725?
5, 29
List the prime factors of 12494.
2, 6247
What are the prime factors of 4984?
2, 7, 89
What are the prime factors of 10922?
2, 43, 127
List the prime factors of 12579.
3, 7, 599
List the prime factors of 814.
2, 11, 37
What are the prime factors of 7801?
29, 269
What are the prime factors of 2731?
2731
What are the prime factors of 2574?
2, 3, 11, 13
What are the prime factors of 2086?
2, 7, 149
List the prime factors of 375.
3, 5
List the prime factors of 995.
5, 199
List the prime factors of 9663.
3, 3221
What are the prime factors of 2754?
2, 3, 17
List the prime factors of 443.
443
What are the prime factors of 40052?
2, 17, 19, 31
What are the prime factors of 1760?
2, 5, 11
What are the prime factors of 3392?
2, 53
What are the prime factors of 13622?
2, 7, 139
What are the prime factors of 425?
5, 17
What are the prime factors of 6904?
2, 863
List the prime factors of 1451.
1451
What are the prime factors of 135423?
3, 41, 367
List the prime factors of 40906.
2, 113, 181
List the prime factors of 970.
2, 5, 97
List the prime factors of 6308.
2, 19, 83
What are the prime factors of 1151?
1151
What are the prime factors of 5200?
2, 5, 13
What are the prime factors of 2066?
2, 1033
List the prime factors of 12014.
2, 6007
What are the prime factors of 23939?
37, 647
What are the prime factors of 618?
2, 3, 103
What are the prime factors of 1316?
2, 7, 47
What are the prime factors of 2660?
2, 5, 7, 19
List the prime factors of 1533.
3, 7, 73
List the prime factors of 29980.
2, 5, 1499
List the prime factors of 4630.
2, 5, 463
What are the prime factors of 1162?
2, 7, 83
List the prime factors of 49487.
17, 41, 71
List the prime factors of 5223.
3, 1741